 + j. What is the units digit of v?
6
What is the tens digit of (10/250*35)/(11/121165)?
2
What is the thousands digit of 9*(23704/9 - -21)?
3
Let b = 18 + -16. Let o = -249 - -254. Suppose -b*w - 520 = -3*y, -w + o*w = -4*y + 720. What is the tens digit of y?
7
Let i(u) = 4636*u**2 - 27*u - 2. What is the thousands digit of i(1)?
4
Let r(g) = 40*g**3 - 2*g**2 - 7*g + 9. Suppose -140 = -39*j - 23. What is the units digit of r(j)?
0
Suppose 288*v - 68731 - 11230 = 35239. What is the hundreds digit of v?
4
Let r = 34726 - -10063. What is the hundreds digit of r?
7
Let t be (-1410)/(-1692)*(1 + 6 - 1). Suppose -2*u + 2478 = -5*r, -3*r = t*u - 6447 + 221. What is the units digit of u?
4
Suppose r + 1561 = 1565, -5*r = -5*n + 12055. What is the hundreds digit of n?
4
Let j(k) = -2*k**2 - 8*k. Let p be j(-4). Suppose 0*m - 3*m + 681 = p. Let r = -137 + m. What is the units digit of r?
0
Let r be 6/(-4) + (-472)/(-16). Suppose -h = -3*s - 2, -h - 2*s = -5*h + r. Suppose h + 51 = n. What is the units digit of n?
9
Let a(f) = -126*f**2 - 5*f + 5. Let b be a(2). Let u = 761 + b. What is the hundreds digit of u?
2
What is the units digit of -8 + 8747 - -2 - 16?
5
Suppose 0 = -2*w + 2*d + 20, 23 = 2*w - 2*d + 3*d. Suppose -n - b + 10 = -w, n = -5*b + 21. Suppose 23*c = n*c + 46. What is the tens digit of c?
2
What is the tens digit of (4/8*8)/(130/20735)?
3
Suppose -6784 = -2*u + 4*y, -5*u + 2*y + 7892 = -9076. What is the units digit of u?
4
Let k = -421 - -5463. What is the hundreds digit of k?
0
Let u(f) = 251*f - 260. What is the thousands digit of u(14)?
3
Suppose -200 = -3*v + v. Suppose 602 = 2*q + 3*x, q - 223 = 4*x + v. Suppose -5*r = 2*f + 21 - 178, q = 4*f + 3*r. What is the tens digit of f?
7
Suppose -2*z - 4*z = 36. Let r(b) be the second derivative of -16*b**3/3 - 23*b**2/2 - 33*b. What is the hundreds digit of r(z)?
1
Let y(i) be the second derivative of i**4/4 + 2*i**3/3 + 2*i**2 - 32*i. Let x be y(-2). Let w(k) = 22*k + 3. What is the tens digit of w(x)?
7
Suppose 226*o + 9870 = 228*o. Suppose 459*m - 464*m = -o. What is the units digit of m?
7
Let g(h) = -h. Let n be g(-3). Let y(d) be the first derivative of 7*d**3/3 + 3*d + 64. What is the tens digit of y(n)?
6
Let k(t) = -52*t - 76. Let u be k(10). Let a = 853 + u. What is the tens digit of a?
5
Suppose h - 1546 = 2177. What is the units digit of h?
3
Let b(u) = -366*u + 419. What is the tens digit of b(-45)?
8
Let v = -154347 + 222915. What is the thousands digit of v?
8
What is the thousands digit of (-84)/63*(-12870)/5?
3
Let i = -12332 + 18410. What is the tens digit of i?
7
Let j(k) = 1453*k**2 - 10*k + 15. What is the thousands digit of j(2)?
5
Suppose -5*x + x = -284. Suppose 5*c = -2*w + x, -c - w + 22 = 9. What is the units digit of c?
5
Suppose 62*r = -69*r + 1369212. What is the ten thousands digit of r?
1
Let b(y) = 333*y**2 - y - 1. Suppose -5*h + 10 = 5*c, -3*c - 4*h + 10 = -c. Let w be b(c). What is the units digit of 1/2 - w/(-6)*1?
6
Let n = 173 + -114. Suppose 19*b + 1111 - 61 = 34*b. Suppose -j + n = -b. What is the hundreds digit of j?
1
Let o(c) = 11*c**3 - 2*c**2 - c - 9. Let t be 40/(-16)*24/(-15). What is the hundreds digit of o(t)?
6
Let c(n) = -75*n - 18. Let b(g) = -g**2 + 22*g - 5. Let f be b(8). Let m = -110 + f. What is the tens digit of c(m)?
0
Let y = -12214 - -36900. What is the tens digit of y?
8
Let k(j) be the third derivative of 6*j**2 + 11/6*j**3 + 1/60*j**5 + 1/8*j**4 + 0*j + 0 + 1/120*j**6. What is the tens digit of k(0)?
1
Suppose -108 = 5*j - 118. Suppose 5*q + 5*s - 4715 = 0, -q + 938 = -6*s + j*s. What is the tens digit of q?
4
Let p = -7 - -12. Let c(r) be the second derivative of r**4/3 + r**3/2 + 9*r**2/2 - 2*r + 1824. What is the units digit of c(p)?
4
Let j(o) = -338*o + 2391. What is the hundreds digit of j(-6)?
4
Suppose -4*g + 33130 + 5180 = 2*w, 2*w - 3*g - 38317 = 0. What is the tens digit of w?
5
What is the tens digit of (-415)/(-166) - (-15298)/4?
2
Let p(h) = -22*h**3 + 2*h**2 + 24*h + 63. What is the tens digit of p(-5)?
4
Let s(h) = 34 + 5*h**3 + 2*h + 683*h**2 - 4*h**3 - 661*h**2. Let c be s(-22). What is the units digit of 2/7 - c/14?
1
Suppose -266 = -21*t + 175. What is the tens digit of 773*3/t*7?
7
Suppose 0 = -17*w + 2*w + 6615. Suppose -7*d + 798 + w = 0. What is the units digit of d?
7
Let w(g) = 17*g**2 + 16*g - 39 + 10 - 6*g**2. What is the tens digit of w(-10)?
1
Suppose -32*c + 1277386 - 500878 = -698468. What is the thousands digit of c?
6
Let z(f) = 100*f + 15. Let a(g) = 99*g + 10. Let r(b) = 2*a(b) - 3*z(b). What is the tens digit of r(-3)?
8
Let m(n) = -n**2 + 5*n + 15. Let q(g) = -1. Let l(b) = m(b) + 4*q(b). Suppose 3*i - i = 12. What is the units digit of l(i)?
5
Let h(i) = -12*i**3 - 125*i**2 - 39*i - 67. What is the ten thousands digit of h(-16)?
1
Let f = -15257 + 40020. What is the ten thousands digit of f?
2
Suppose o + 0 = 2. Suppose d + 57 = i, i = -i + 3*d + 117. Let x = i - o. What is the units digit of x?
2
Let x be (35/10 - 2)*(-2456)/3. Let f = 1914 + x. What is the tens digit of f?
8
Let m = 747 - -3321. What is the tens digit of m?
6
Let n = -1246 + 2313. What is the thousands digit of n?
1
Let u(o) = 2602*o - 66. What is the hundreds digit of u(11)?
5
Suppose 769 = 3*j - 332. Let y = j + 171. What is the hundreds digit of y?
5
Let n = -69 - -46. Let b = 5562 - 5529. Let q = n + b. What is the tens digit of q?
1
Suppose 2*g = -5*a + 14, 0 = a + 13*g - 12*g - 4. Suppose 3*z + a*z - 1185 = 3*c, 4*z + 3*c - 948 = 0. What is the hundreds digit of z?
2
Let x(j) = -j - 32 - 6*j - 5. Let q(y) = -y**3 + 25*y**2 + 57*y - 94. Let v be q(27). What is the units digit of x(v)?
4
Let y = 274 - 253. What is the units digit of 6 + -1 + 882/y?
7
Let o = -54 - -40. What is the units digit of (o/6 + 2)*(-312)/2?
2
Let o(w) = 6*w**2 - 24*w - 193. Suppose -99 + 141 = -6*d. What is the units digit of o(d)?
9
What is the tens digit of 275/(-10)*69850/(-125)?
6
Suppose -2643 + 11 = -4*v. Suppose -7*i = -5*i - v. What is the units digit of i?
9
Let w = 45 - 3. Suppose 9 = -w*r + 45*r. Suppose i + 4*h = 10, 0*i = -r*i + 4*h + 46. What is the units digit of i?
4
Let n(i) be the second derivative of -11*i**3/6 + 23*i**2/2 + 6*i + 2. Suppose 0 = 4*l - 12, j + 2*j - 2*l = -30. What is the units digit of n(j)?
1
Let r be 2*12/18 - 6/(-9). Suppose o = -r*v + 272, -5*v - 37 + 711 = o. What is the units digit of v?
4
What is the tens digit of (1 - -18562) + (5 - 99/11)?
5
Let y = 34041 + 30538. What is the thousands digit of y?
4
Suppose -2*y - l + 70933 = 0, 3*y - 106417 = 2*l - 7*l. What is the hundreds digit of y?
4
Suppose c = -0*c + 28. Suppose -c*i - 2205 = -35*i. What is the units digit of i?
5
Let u = -29 - 21. Let a = 51 + u. What is the tens digit of a*(25 + -6 + 3)?
2
Let k = 224 - 221. Suppose -k*m = 5*y - 4*y - 1009, -5*m = -3*y - 1691. What is the units digit of m?
7
Suppose -2*y - y - 4*o = -175, 0 = -2*y + 3*o + 94. Suppose 13 = -4*z + y. Suppose -x + 13 = -z. What is the units digit of x?
3
Suppose -3*m = 11*m - 5236. Suppose 0 = -3*a + g + m, 9*a - 7*a - 2*g = 248. What is the units digit of a?
5
Suppose 252*w = 257*w + 3*i - 176599, 5*w + i = 176593. What is the units digit of w?
8
Suppose -2*f + 2 = -2*c, 4*c + 0*f + 2*f + 34 = 0. Let g be (-9)/c + (-4)/8*-761. Suppose -2*d - 2*a = -176, -d + 2*a = 3*d - g. What is the units digit of d?
3
Let r(j) = -j**2 - 7*j - 5 + j + 9*j. Let w be r(3). What is the tens digit of (-1396)/(-10) + 3/w?
3
Let u = -253 - -255. Suppose -u*j + 4*y + 1094 = 0, -341 = -j + 3*y + 206. What is the hundreds digit of j?
5
Suppose 4*n + 4*h = 28, 3*h + 6 = n + 19. Suppose -p - 4*s + 1632 = 3*p, 5*p + n*s - 2031 = 0. What is the hundreds digit of p?
4
Suppose -4*g = -3*w + 16758, 0 = 117*w - 115*w - 2*g - 11172. What is the tens digit of w?
8
Let c = 394 - 193. Let f = 482 - 175. Let k = f - c. What is the hundreds digit of k?
1
Suppose 29*k - 14980 = 48762. What is the units digit of k?
8
Suppose -107*i + 1451562 = -50*i. What is the hundreds digit of i?
4
Suppose 12*x + 2220 = 2*x. What is the hundreds digit of ((-3)/4)/(x/48544)?
1
Let b = 29 - 30. Let x = 1 + b. Suppose x = 12*u - 4*u - 264. What is the units digit of u?
3
Let i be -1 - 25/(-4 - 1). Suppose -n + 14 = -h - 5